 122012102 (base 3) in base 8?
30373
-682 (base 9) to base 7
-1430
Convert 1211011 (base 3) to base 8.
2457
Convert -11737 (base 10) to base 4.
-2313121
What is -40 (base 5) in base 11?
-19
Convert 1100111001001 (base 2) to base 14.
2597
-4333 (base 6) to base 9
-1323
What is -280 (base 11) in base 9?
-406
What is -aba2 (base 13) in base 6?
-302533
Convert -3f4 (base 16) to base 15.
-477
What is 14132 (base 9) in base 12?
566b
-12041 (base 5) to base 4
-32000
Convert 3567 (base 8) to base 10.
1911
What is -202 (base 7) in base 10?
-100
Convert 110110010000100 (base 2) to base 16.
6c84
What is 32321 (base 4) in base 2?
1110111001
Convert 4103 (base 5) to base 4.
20100
Convert 6019 (base 13) to base 15.
3da4
What is -2041 (base 8) in base 14?
-557
-313 (base 6) to base 3
-11100
Convert -4000 (base 5) to base 14.
-27a
What is -43103 (base 7) in base 14?
-3c73
What is 2325 (base 9) in base 10?
1724
What is -1563 (base 7) in base 12?
-449
Convert -11011 (base 6) to base 10.
-1519
615 (base 9) to base 12
358
-1010101110011010 (base 2) to base 7
-242035
Convert 768 (base 15) to base 14.
877
Convert 456 (base 8) to base 7.
611
12313301 (base 4) to base 14
a385
Convert -11111 (base 5) to base 9.
-1057
Convert -1547 (base 13) to base 6.
-22205
What is 1110100110001 (base 2) in base 6?
54333
1000 (base 9) to base 3
1000000
-430 (base 8) to base 4
-10120
-4281 (base 13) to base 10
-9231
What is -1134 (base 7) in base 14?
-21b
What is 3030 (base 6) in base 15?
2e6
What is -113c (base 14) in base 7?
-11505
Convert 3160 (base 7) to base 13.
682
Convert -959 (base 11) to base 7.
-3235
What is -9a2 (base 12) in base 4?
-112022
-212121201 (base 3) to base 11
-11a33
Convert -5a14 (base 11) to base 16.
-1ec8
100102 (base 3) to base 6
1102
Convert 1024 (base 8) to base 3.
201201
1298 (base 12) to base 7
6134
What is 15c (base 16) in base 7?
1005
What is -131223 (base 5) in base 9?
-7104
-468 (base 11) to base 7
-1425
Convert 5cb (base 13) to base 8.
1764
22756 (base 10) to base 3
1011012211
What is 1020002101 (base 3) in base 12?
11b61
-15cc (base 13) to base 3
-11101220
What is -1001000110010 (base 2) in base 11?
-3555
12303330 (base 4) to base 10
27900
Convert -6e0 (base 15) to base 7.
-4356
Convert -10de (base 16) to base 3.
-12220221
Convert -205b (base 16) to base 6.
-102203
-30302 (base 12) to base 14
-18b86
-3418 (base 14) to base 7
-35231
What is -321 (base 15) in base 10?
-706
2 (base 15) to base 6
2
What is -786 (base 14) in base 9?
-2035
What is 44014 (base 5) in base 14?
114d
-2c1 (base 14) to base 2
-1000110001
-2481 (base 11) to base 14
-1271
-38a0 (base 15) to base 6
-131523
What is 6661 (base 7) in base 13?
1123
What is 5c77 (base 16) in base 7?
126004
5452 (base 10) to base 13
2635
4325 (base 6) to base 11
81a
-2213 (base 12) to base 14
-1527
10090 (base 13) to base 4
13000012
Convert 234150 (base 6) to base 12.
b956
Convert -84076 (base 10) to base 14.
-228d6
-1011101101 (base 2) to base 5
-10444
Convert a0 (base 14) to base 16.
8c
110110101000011 (base 2) to base 6
333255
-1111200211 (base 3) to base 13
-10672
-36dc (base 15) to base 11
-8860
-5620 (base 9) to base 12
-2499
Convert 5d10 (base 14) to base 2.
11111110011010
What is 144233 (base 6) in base 5?
421132
Convert 101110111 (base 2) to base 3.
111220
Convert 203 (base 11) to base 10.
245
What is -28b (base 14) in base 5?
-4030
-33441 (base 6) to base 3
-20110021
-7482 (base 11) to base 16
-26a3
Convert -111110101111 (base 2) to base 16.
-faf
Convert 2030320 (base 4) to base 7.
35200
Convert -171 (base 15) to base 5.
-2311
114 (base 11) to base 8
210
What is -66 (base 15) in base 2?
-1100000
303120 (base 5) to base 7
40346
Convert -11321 (base 4) to base 15.
-1a2
1150543 (base 6) to base 4
32322333
What is -158 (base 15) in base 2?
-100110100
81 (base 16) to base 11
108
Convert 100101111101 (base 2) to base 3.
10022222
What is -1030 (base 8) in base 16?
-218
Convert -5990 (base 12) to base 7.
-41166
What is 107447 (base 8) in base 3?
1212021022
What is -1cb (base 14) in base 4?
-11313
3101001 (base 4) to base 15
3e6c
What is -2001211 (base 3) in base 9?
-2054
Convert -13b6 (base 12) to base 16.
-8fa
Convert 62121 (base 7) to base 8.
35464
What is 20555 (base 7) in base 14?
1bd5
-14a4 (base 11) to base 10
-1929
13310 (base 5) to base 16
438
-3002203 (base 4) to base 15
-3a51
Convert b60a (base 16) to base 7.
252603
What is -200122 (base 4) in base 11?
-1616
-4ac (base 16) to base 8
-2254
-10d (base 16) to base 15
-12e
What is -12211 (base 5) in base 13?
-568
122211102 (base 3) to base 7
52616
What is 7e (base 16) in base 3?
11200
What is 102201121 (base 3) in base 11?
6471
Convert -214643 (base 7) to base 6.
-450332
Convert -110111110011100 (base 2) to base 3.
-1110012020
Convert 20221012 (base 3) to base 4.
1032332
What is -364 (base 8) in base 6?
-1044
What is 24245 (base 6) in base 2?
110111100101
What is -434 (base 12) in base 10?
-616
What is -1a84 (base 11) in base 9?
-3545
What is 5831 (base 10) in base 16?
16c7
1010120 (base 4) to base 15
146b
What is -13263 (base 7) in base 15?
-10d3
Convert -112210 (base 3) to base 7.
-1110
What is 12313 (base 5) in base 4?
32332
Convert 3 (base 12) to base 3.
10
Convert -ef (base 16) to base 4.
-3233
What is 3305 (base 6) in base 12?
535
-3110 (base 10) to base 13
-1553
What is -19ed (base 16) in base 2?
-1100111101101
What is -36403 (base 9) in base 13?
-b139
1011001110000 (base 2) to base 11
4352
What is 432 (base 10) in base 5?
3212
What is 1c39 (base 14) in base 7?
21002
What is -5a79 (base 12) in base 5?
-311143
-18aa (base 12) to base 8
-5702
Convert -52044 (base 8) to base 13.
-9a5c
What is -5806 (base 12) in base 16?
-2646
Convert -11033 (base 6) to base 14.
-7b7
-411330 (base 5) to base 14
-4c0c
34234 (base 6) to base 9
6574
Convert 12e4 (base 15) to base 2.
111111000111
What is 2bbe (base 15) in base 2?
10010010111100
Convert 48775 (base 11) to base 9.
116184
What is 1472 (base 11) in base 7?
5344
Convert 628 (base 9) to base 14.
288
-101001111 (base 2) to base 6
-1315
What is -67e (base 15) in base 16?
-5bd
What is 2b98 (base 16) in base 6?
123400
152403 (base 6) to base 14
5599
Convert 604 (base 8) to base 13.
23b
What is 1030 (base 8) in base 3?
201212
What is -54223 (base 7) in base 3?
-200111201
What is 1211121 (base 3) in base 2?
10100111011
Convert -25345 (base 6) to base 3.
-12020002
534 (base 11) to base 8
1202
What is -3100 (base 4) in base 7?
-415
-1313221 (base 5) to base 16
-65cd
What is 13533 (base 14) in base 8?
135071
What is 4104 (base 7) in base 13?
858
What is -119 (base 15) in base 10?
-249
What is 4e47 (base 15) in base 5?
1013332
-113121 (base 4) to base 16
-5d9
Convert 4260 (base 8) to base 14.
b4c
-24256 (base 8) to base 15
-3144
Convert 20a50 (base 11) to base 8.
73523
-20916 (base 14) to base 10
-78616
Convert -44dd (base 16) to base 14.
-65d3
Convert -905 (base 12) to base 8.
-2425
71534 (base 9) to base 12
23304
Convert 50104 (base 6) to base 14.
253a
Convert 575 (base 11) to base 16.
2af
Convert -1203443 (base 5) to base 10.
-22373
-1a02c (base 14) to base 12
-32174
Convert 55c (base 15) to base 5.
14322
-323001 (base 4) to base 11
-2924
What is 1181 (base 9) in base 8?
1563
a99 (base 12) to base 4
120111
Convert 673 (base 8) to base 6.
2015
31310 (base 5) to base 7
6031
Convert 45605 (base 9) to base 6.
352352
Convert -454 (base 10) to base 16.
-1c6
3156 (base 9) to base 5
33234
What is 1060 (base 10) in base 3?
1110021
102010101 (base 3) to base 16
1fae
What is -7078 (base 10) in base 11?
-5355
-1ec (base 16) to base 12
-350
Convert 103204 (base 5) to base 14.
141c
What is a3a (base 11) in base 2?
10011100101
a8e (base 15) to base 11
1878
Convert 274 (base 14) to base 12.
352
What is 5853 (base 12) in base 5?
303410
20176 (base 9) to base 4
3033120
-1e3 (base 16) to base 3
-122220
Convert 1021121 (base 3) to base 13.
56b
24dd (base 16) to base 3
110221112
Convert 564 (base 11) to base 8.
1243
929 (base 11) to base 10
1120
11010110000 (base 2) to base 15
792
497 (base 11) to base 3
210212
What is 10101110010000 (base 2) in base 14?
40c8
243 (base 10) to base 15
113
Convert 12687 (base 12) to base 5.
1301114
Convert -11254 (base 6) to base 15.
-72d
What is 340114 (base 5) in base 3?
121100002
1651 (base